 digit of 117148?
7
What is the thousands digit of 4539?
4
What is the hundreds digit of 2922?
9
What is the thousands digit of 6684?
6
What is the units digit of 13183?
3
What is the tens digit of 4766?
6
What is the units digit of 5926?
6
What is the hundreds digit of 61204?
2
What is the hundreds digit of 740?
7
What is the units digit of 419?
9
What is the tens digit of 932?
3
What is the hundreds digit of 11091?
0
What is the thousands digit of 90706?
0
What is the units digit of 4030?
0
What is the units digit of 42930?
0
What is the hundreds digit of 1010?
0
What is the hundreds digit of 1190?
1
What is the hundreds digit of 51833?
8
What is the thousands digit of 2003?
2
What is the tens digit of 1048?
4
What is the thousands digit of 1364?
1
What is the thousands digit of 24723?
4
What is the hundreds digit of 15403?
4
What is the units digit of 26114?
4
What is the thousands digit of 1238?
1
What is the hundreds digit of 640?
6
What is the hundreds digit of 344?
3
What is the hundreds digit of 30113?
1
What is the hundreds digit of 402?
4
What is the units digit of 85161?
1
What is the thousands digit of 5133?
5
What is the thousands digit of 1542?
1
What is the units digit of 19945?
5
What is the tens digit of 1898?
9
What is the hundreds digit of 8334?
3
What is the ten thousands digit of 93453?
9
What is the units digit of 1522?
2
What is the units digit of 5193?
3
What is the units digit of 8015?
5
What is the units digit of 6888?
8
What is the tens digit of 5895?
9
What is the thousands digit of 2274?
2
What is the units digit of 50?
0
What is the thousands digit of 4845?
4
What is the thousands digit of 26700?
6
What is the ten thousands digit of 13014?
1
What is the hundreds digit of 253?
2
What is the tens digit of 1368?
6
What is the units digit of 22865?
5
What is the hundreds digit of 3363?
3
What is the units digit of 6526?
6
What is the tens digit of 1497?
9
What is the hundreds digit of 540?
5
What is the units digit of 1124?
4
What is the units digit of 878?
8
What is the units digit of 793?
3
What is the units digit of 554?
4
What is the hundreds digit of 59691?
6
What is the thousands digit of 4077?
4
What is the units digit of 8063?
3
What is the units digit of 7434?
4
What is the tens digit of 955?
5
What is the hundreds digit of 15457?
4
What is the tens digit of 1264?
6
What is the tens digit of 921?
2
What is the hundreds digit of 1982?
9
What is the units digit of 1832?
2
What is the hundreds digit of 13305?
3
What is the tens digit of 183?
8
What is the units digit of 28180?
0
What is the units digit of 10352?
2
What is the tens digit of 16386?
8
What is the tens digit of 1870?
7
What is the hundreds digit of 689?
6
What is the tens digit of 9501?
0
What is the units digit of 3030?
0
What is the thousands digit of 2614?
2
What is the units digit of 2478?
8
What is the units digit of 66692?
2
What is the tens digit of 826?
2
What is the hundreds digit of 2367?
3
What is the tens digit of 180422?
2
What is the tens digit of 50732?
3
What is the hundreds digit of 358?
3
What is the hundreds digit of 1820?
8
What is the ten thousands digit of 40901?
4
What is the thousands digit of 11394?
1
What is the thousands digit of 43213?
3
What is the hundreds digit of 94050?
0
What is the hundreds digit of 5763?
7
What is the ten thousands digit of 10809?
1
What is the hundreds digit of 12658?
6
What is the units digit of 4601?
1
What is the tens digit of 304?
0
What is the units digit of 58877?
7
What is the units digit of 930?
0
What is the hundreds digit of 11811?
8
What is the tens digit of 5810?
1
What is the hundreds digit of 102?
1
What is the units digit of 4811?
1
What is the tens digit of 1265?
6
What is the thousands digit of 9691?
9
What is the units digit of 2679?
9
What is the thousands digit of 8527?
8
What is the hundreds digit of 8381?
3
What is the thousands digit of 60280?
0
What is the hundreds digit of 13205?
2
What is the tens digit of 76326?
2
What is the hundreds digit of 6153?
1
What is the tens digit of 1867?
6
What is the thousands digit of 3292?
3
What is the units digit of 1752?
2
What is the hundreds digit of 3944?
9
What is the tens digit of 9485?
8
What is the thousands digit of 3065?
3
What is the units digit of 7795?
5
What is the hundreds digit of 949?
9
What is the hundreds digit of 67235?
2
What is the hundreds digit of 1051?
0
What is the hundreds digit of 686?
6
What is the tens digit of 58935?
3
What is the thousands digit of 2063?
2
What is the hundreds digit of 7966?
9
What is the tens digit of 997?
9
What is the tens digit of 3792?
9
What is the thousands digit of 5066?
5
What is the tens digit of 1128?
2
What is the thousands digit of 3701?
3
What is the thousands digit of 51433?
1
What is the units digit of 31647?
7
What is the thousands digit of 2307?
2
What is the tens digit of 720?
2
What is the ten thousands digit of 27591?
2
What is the tens digit of 3326?
2
What is the tens digit of 30652?
5
What is the units digit of 46308?
8
What is the units digit of 133739?
9
What is the hundred thousands digit of 105930?
1
What is the units digit of 90285?
5
What is the thousands digit of 45533?
5
What is the units digit of 612?
2
What is the units digit of 28333?
3
What is the thousands digit of 20302?
0
What is the ten thousands digit of 10400?
1
What is the thousands digit of 126971?
6
What is the thousands digit of 1633?
1
What is the hundreds digit of 154?
1
What is the hundreds digit of 15632?
6
What is the tens digit of 40901?
0
What is the tens digit of 1900?
0
What is the thousands digit of 91006?
1
What is the ten thousands digit of 62069?
6
What is the thousands digit of 4770?
4
What is the hundreds digit of 5194?
1
What is the hundreds digit of 24910?
9
What is the tens digit of 11877?
7
What is the tens digit of 153?
5
What is the units digit of 6227?
7
What is the tens digit of 1729?
2
What is the units digit of 770?
0
What is the thousands digit of 25297?
5
What is the hundreds digit of 38469?
4
What is the tens digit of 1576?
7
What is the thousands digit of 18596?
8
What is the ten thousands digit of 21960?
2
What is the units digit of 92245?
5
What is the thousands digit of 52264?
2
What is the tens digit of 136453?
5
What is the hundreds digit of 23036?
0
What is the ten thousands digit of 89614?
8
What is the tens digit of 21096?
9
What is the ten thousands digit of 93788?
9
What is the thousands digit of 151337?
1
What is the units digit of 626?
6
What is the hundreds digit of 117827?
8
What is the tens digit of 630?
3
What is the units digit of 761?
1
What is the ten thousands digit of 82660?
8
What is the units digit of 4667?
7
What is the units digit of 15007?
7
What is the thousands digit of 22977?
2
What is the tens digit of 2111?
1
What is the units digit of 573?
3
What is the tens digit of 13699?
9
What is the hundreds digit of 34710?
7
What is the thousands digit of 1024?
1
What is the thousands digit of 3445?
3
What is the units digit of 2555?
5
What is the hundreds digit of 1074?
0
What is the units digit of 5684?
4
What is the thousands digit of 11340?
1
What is the hundreds digit of 3171?
1
What is the units digit of 18743?
3
What is the hundreds digit of 5542?
5
What is the tens digit of 5423?
2
What is the hundreds digit of 656?
6
What is the units digit of 452?
2
What is the tens digit of 889?
8
What is the units digit of 17158?
8
What is the thousands digit of 2035?
2
What is the hundreds digit of 8284?
2
What is the ten thousands digit of 106041?
0
What is the tens digit of 9182?
8
What is the hundreds digit of 460?
4
What is the tens digit of 1440?
4
What is the units digit of 2431?
1
What is the tens digit of 662?
6
What is the hundreds digit of 1981?
9
What is the units digit of 4442?
2
What is the units digit of 2459?
9
What is the units digit of 1691?
1
What is the tens digit of 4724?
2
What is the hundreds digit of 45799?
7
What is the thousands digit of 12962?
2
What is the ten thousands digit of 21716?
2
What is the hundreds digit of 973?
9
What is the hundreds digit of 27167?
1
What is the hundreds digit of 3252?
2
What is the thousands digit of 1116?
1
What is the units digit of 4956?
6
What is the thousands digit of 23865?
3
What i